
What is the thousands digit of 76777?
6
What is the ten thousands digit of 16455?
1
What is the tens digit of 12522?
2
What is the units digit of 10869?
9
What is the hundreds digit of 984?
9
What is the thousands digit of 3223?
3
What is the hundreds digit of 1745?
7
What is the units digit of 2869?
9
What is the hundreds digit of 3652?
6
What is the hundreds digit of 2619?
6
What is the units digit of 359?
9
What is the thousands digit of 3400?
3
What is the thousands digit of 13809?
3
What is the units digit of 2044?
4
What is the hundreds digit of 894?
8
What is the ten thousands digit of 18886?
1
What is the hundreds digit of 57599?
5
What is the units digit of 933?
3
What is the units digit of 4826?
6
What is the units digit of 91205?
5
What is the units digit of 792?
2
What is the tens digit of 171?
7
What is the tens digit of 1539?
3
What is the units digit of 19693?
3
What is the units digit of 23995?
5
What is the hundreds digit of 1387?
3
What is the ten thousands digit of 162099?
6
What is the tens digit of 2256?
5
What is the hundreds digit of 1794?
7
What is the thousands digit of 17718?
7
What is the hundreds digit of 3098?
0
What is the thousands digit of 4507?
4
What is the tens digit of 12796?
9
What is the units digit of 44227?
7
What is the thousands digit of 2062?
2
What is the tens digit of 655?
5
What is the tens digit of 5128?
2
What is the hundreds digit of 48996?
9
What is the units digit of 1683?
3
What is the hundreds digit of 909?
9
What is the tens digit of 3495?
9
What is the tens digit of 5976?
7
What is the hundreds digit of 3553?
5
What is the units digit of 969?
9
What is the hundreds digit of 1366?
3
What is the units digit of 1964?
4
What is the units digit of 44870?
0
What is the hundreds digit of 88020?
0
What is the hundreds digit of 7117?
1
What is the tens digit of 122924?
2
What is the hundreds digit of 5910?
9
What is the hundreds digit of 56745?
7
What is the tens digit of 227?
2
What is the hundreds digit of 88050?
0
What is the hundreds digit of 181?
1
What is the hundreds digit of 257?
2
What is the tens digit of 3921?
2
What is the units digit of 374?
4
What is the tens digit of 188?
8
What is the hundreds digit of 32294?
2
What is the hundreds digit of 27334?
3
What is the hundreds digit of 5556?
5
What is the units digit of 44908?
8
What is the units digit of 79383?
3
What is the hundreds digit of 761?
7
What is the tens digit of 3174?
7
What is the units digit of 1059?
9
What is the ten thousands digit of 19659?
1
What is the hundreds digit of 18729?
7
What is the units digit of 160?
0
What is the tens digit of 3062?
6
What is the thousands digit of 28401?
8
What is the units digit of 4146?
6
What is the hundreds digit of 148343?
3
What is the tens digit of 621?
2
What is the hundreds digit of 4374?
3
What is the units digit of 53422?
2
What is the hundreds digit of 7271?
2
What is the hundreds digit of 10375?
3
What is the hundreds digit of 158?
1
What is the hundreds digit of 5493?
4
What is the ten thousands digit of 62466?
6
What is the hundreds digit of 86967?
9
What is the hundreds digit of 902?
9
What is the hundreds digit of 7702?
7
What is the hundreds digit of 209?
2
What is the thousands digit of 31226?
1
What is the units digit of 115961?
1
What is the thousands digit of 5602?
5
What is the tens digit of 1894?
9
What is the thousands digit of 7350?
7
What is the thousands digit of 10880?
0
What is the tens digit of 814?
1
What is the tens digit of 39422?
2
What is the hundreds digit of 39687?
6
What is the hundreds digit of 162?
1
What is the tens digit of 29102?
0
What is the units digit of 122307?
7
What is the units digit of 968?
8
What is the ten thousands digit of 22079?
2
What is the tens digit of 127?
2
What is the tens digit of 43104?
0
What is the hundreds digit of 709?
7
What is the tens digit of 14985?
8
What is the units digit of 83?
3
What is the units digit of 18960?
0
What is the hundreds digit of 26674?
6
What is the units digit of 45379?
9
What is the thousands digit of 25649?
5
What is the tens digit of 1816?
1
What is the ten thousands digit of 20324?
2
What is the units digit of 74307?
7
What is the tens digit of 4691?
9
What is the units digit of 12472?
2
What is the units digit of 16605?
5
What is the thousands digit of 1876?
1
What is the units digit of 45767?
7
What is the thousands digit of 12035?
2
What is the tens digit of 6712?
1
What is the hundreds digit of 44342?
3
What is the units digit of 823?
3
What is the hundreds digit of 451?
4
What is the units digit of 35544?
4
What is the tens digit of 49828?
2
What is the tens digit of 49376?
7
What is the hundreds digit of 1324?
3
What is the units digit of 71?
1
What is the thousands digit of 1373?
1
What is the hundreds digit of 24900?
9
What is the tens digit of 1589?
8
What is the tens digit of 132?
3
What is the units digit of 676?
6
What is the hundreds digit of 501?
5
What is the thousands digit of 1033?
1
What is the units digit of 2158?
8
What is the units digit of 4037?
7
What is the tens digit of 153?
5
What is the tens digit of 52066?
6
What is the thousands digit of 6834?
6
What is the hundreds digit of 36939?
9
What is the tens digit of 9979?
7
What is the units digit of 9897?
7
What is the hundreds digit of 2398?
3
What is the hundreds digit of 34692?
6
What is the thousands digit of 67329?
7
What is the units digit of 31524?
4
What is the units digit of 25732?
2
What is the thousands digit of 2877?
2
What is the hundreds digit of 1484?
4
What is the ten thousands digit of 11122?
1
What is the thousands digit of 14293?
4
What is the units digit of 1890?
0
What is the thousands digit of 81287?
1
What is the hundreds digit of 51199?
1
What is the units digit of 6027?
7
What is the hundreds digit of 909?
9
What is the units digit of 1085?
5
What is the tens digit of 60876?
7
What is the thousands digit of 1817?
1
What is the hundreds digit of 3087?
0
What is the hundreds digit of 715?
7
What is the units digit of 9309?
9
What is the thousands digit of 22993?
2
What is the ten thousands digit of 10390?
1
What is the hundreds digit of 126?
1
What is the tens digit of 109705?
0
What is the hundreds digit of 920?
9
What is the hundreds digit of 120191?
1
What is the thousands digit of 9517?
9
What is the units digit of 39077?
7
What is the tens digit of 931?
3
What is the tens digit of 2796?
9
What is the units digit of 3484?
4
What is the units digit of 19740?
0
What is the tens digit of 644?
4
What is the thousands digit of 9311?
9
What is the hundreds digit of 63427?
4
What is the hundreds digit of 1051?
0
What is the tens digit of 59239?
3
What is the ten thousands digit of 24538?
2
What is the hundreds digit of 7002?
0
What is the units digit of 81484?
4
What is the tens digit of 1851?
5
What is the hundreds digit of 14634?
6
What is the units digit of 103?
3
What is the tens digit of 2512?
1
What is the tens digit of 936?
3
What is the hundreds digit of 684?
6
What is the hundreds digit of 59861?
8
What is the ten thousands digit of 131273?
3
What is the thousands digit of 10405?
0
What is the units digit of 3165?
5
What is the thousands digit of 2852?
2
What is the thousands digit of 1647?
1
What is the units digit of 39895?
5
What is the units digit of 97107?
7
What is the hundreds digit of 9709?
7
What is the hundreds digit of 18449?
4
What is the units digit of 27471?
1
What is the tens digit of 515?
1
What is the tens digit of 6189?
8
What is the ten thousands digit of 63173?
6
What is the hundreds digit of 40346?
3
What is the units digit of 249?
9
What is the ten thousands digit of 20679?
2
What is the hundreds digit of 930?
9
What is the thousands digit of 4336?
4
What is the units digit of 920?
0
What is the tens digit of 374?
7
What is the tens digit of 434?
3
What is the tens digit of 4661?
6
What is the hundreds digit of 1380?
3
What is the hundreds digit of 34544?
5
What is the hundreds digit of 376?
3
What is the units digit of 18041?
1
What is the ten thousands digit of 25176?
2
What is the hundreds digit of 4093?
0
What is the units digit of 830?
0
What is the tens digit of 29973?
7
What is the tens digit of 67274?
7
What is the hundreds digit of 1956?
9
What is the uni